{"id":3081,"date":"2024-06-25T17:38:58","date_gmt":"2024-06-25T15:38:58","guid":{"rendered":"https:\/\/algerie.diplomatie.gov.bf\/?page_id=3081"},"modified":"2024-12-09T15:56:08","modified_gmt":"2024-12-09T14:56:08","slug":"cooperation-bilaterale","status":"publish","type":"page","link":"https:\/\/algerie.diplomatie.gov.bf\/index.php\/cooperation-bilaterale\/","title":{"rendered":"Coop\u00e9ration bilat\u00e9rale"},"content":{"rendered":"\t\t<div data-elementor-type=\"wp-page\" data-elementor-id=\"3081\" class=\"elementor elementor-3081\" data-elementor-post-type=\"page\">\n\t\t\t\t\t\t<section data-particle_enable=\"false\" data-particle-mobile-disabled=\"false\" class=\"elementor-section elementor-top-section elementor-element elementor-element-5be9735 elementor-section-content-middle elementor-section-boxed elementor-section-height-default elementor-section-height-default\" data-id=\"5be9735\" data-element_type=\"section\" data-e-type=\"section\">\n\t\t\t\t\t\t<div class=\"elementor-container elementor-column-gap-default\">\n\t\t\t\t\t<div class=\"elementor-column elementor-col-33 elementor-top-column elementor-element elementor-element-53bba94\" data-id=\"53bba94\" data-element_type=\"column\" data-e-type=\"column\">\n\t\t\t<div class=\"elementor-widget-wrap elementor-element-populated\">\n\t\t\t\t\t\t<div class=\"elementor-element elementor-element-4a69eb6 elementor-widget elementor-widget-image\" data-id=\"4a69eb6\" data-element_type=\"widget\" data-e-type=\"widget\" data-widget_type=\"image.default\">\n\t\t\t\t<div class=\"elementor-widget-container\">\n\t\t\t\t\t\t\t\t\t\t\t\t\t\t\t<img fetchpriority=\"high\" decoding=\"async\" width=\"640\" height=\"427\" src=\"https:\/\/algerie.diplomatie.gov.bf\/wp-content\/uploads\/sites\/41\/2024\/06\/Flag_of_Burkina_Faso.png\" class=\"attachment-large size-large wp-image-3861\" alt=\"\" \/>\t\t\t\t\t\t\t\t\t\t\t\t\t\t\t<\/div>\n\t\t\t\t<\/div>\n\t\t\t\t\t<\/div>\n\t\t<\/div>\n\t\t\t\t<div class=\"elementor-column elementor-col-33 elementor-top-column elementor-element elementor-element-a3f2d55\" data-id=\"a3f2d55\" data-element_type=\"column\" data-e-type=\"column\">\n\t\t\t<div class=\"elementor-widget-wrap elementor-element-populated\">\n\t\t\t\t\t\t<section data-particle_enable=\"false\" data-particle-mobile-disabled=\"false\" class=\"elementor-section elementor-inner-section elementor-element elementor-element-128b53c elementor-section-boxed elementor-section-height-default elementor-section-height-default\" data-id=\"128b53c\" data-element_type=\"section\" data-e-type=\"section\">\n\t\t\t\t\t\t<div class=\"elementor-container elementor-column-gap-default\">\n\t\t\t\t\t<div class=\"elementor-column elementor-col-100 elementor-inner-column elementor-element elementor-element-9944a25\" data-id=\"9944a25\" data-element_type=\"column\" data-e-type=\"column\">\n\t\t\t<div class=\"elementor-widget-wrap elementor-element-populated\">\n\t\t\t\t\t\t<div class=\"elementor-element elementor-element-de065ea elementor-widget elementor-widget-text-editor\" data-id=\"de065ea\" data-element_type=\"widget\" data-e-type=\"widget\" data-widget_type=\"text-editor.default\">\n\t\t\t\t<div class=\"elementor-widget-container\">\n\t\t\t\t\t\t\t\t\t<p>La coop\u00e9ration alg\u00e9ro-burkinab\u00e8 s\u2019op\u00e8re essentiellement dans le cadre bilat\u00e9ral.<\/p><p>\u00a0<\/p><ol><li><strong>Coop\u00e9ration politico-diplomatique<\/strong><\/li><\/ol><p>\u00a0<\/p><p>Depuis l\u2019ouverture effective en 1984 de Repr\u00e9sentation diplomatique \u00e0 Ouagadougou et \u00e0 Alger, le Burkina Faso et l\u2019Alg\u00e9rie ont tenu sept (7) sessions de Commissions mixtes de coop\u00e9ration, la derni\u00e8re ayant eu lieu les 03 et 04 novembre 2011 \u00e0 Ouagadougou. Par ailleurs, les 11 et 12 f\u00e9vrier 2024 s\u2019est tenue \u00e0 Ouagadougou, une r\u00e9union d\u2019\u00e9valuation globale de la coop\u00e9ration alg\u00e9ro-burkinab\u00e8.<\/p><p>\u00a0<\/p><p>Les diff\u00e9rentes sessions de Commissions mixtes de coop\u00e9ration avaient pass\u00e9 en revue les diff\u00e9rents secteurs de la coop\u00e9ration bilat\u00e9rale entre les deux pays et qui int\u00e9ressent le commerce, la culture, l\u2019enseignement sup\u00e9rieur et la formation professionnelle, le transport a\u00e9rien, l\u2019agriculture, la Poste et les Technologies de l\u2019Information et de la Communication, la justice et le soutien mutuel de candidatures dans les organisations internationales, etc.<\/p><p>\u00a0<\/p><ul><li><strong>Secteur \u00e9conomique<\/strong><\/li><\/ul><p><strong>\u00a0<\/strong><\/p><p>Le march\u00e9 burkinab\u00e8 int\u00e9resse les op\u00e9rateurs \u00e9conomiques alg\u00e9riens. En effet, non seulement, le Burkina Faso est tr\u00e8s r\u00e9guli\u00e8rement convi\u00e9 \u00e0 des foires \u00e9conomiques et agricoles de toute nature en Alg\u00e9rie et l\u2019Ambassade s\u2019est toujours efforc\u00e9e \u00e0 participer en d\u00e9pit de ses contraintes budg\u00e9taires mais \u00e9galement, le service \u00e9conomique de l\u2019Ambassade re\u00e7oit beaucoup d\u2019Alg\u00e9riens int\u00e9ress\u00e9s qui par l\u2019investissement au Burkina Faso, qui par l\u2019import-export.<\/p><p>\u00a0<\/p><ul><li><strong>Coop\u00e9ration scientifique et culturelle<\/strong><\/li><\/ul><p><strong>\u00a0<\/strong><\/p><p>La coop\u00e9ration scientifique et culturelle alg\u00e9ro-burkinab\u00e8 s\u2019appr\u00e9hende surtout sous l\u2019angle de la formation universitaire et professionnelle, la participation r\u00e9ciproque aux foires de promotion de la culture des deux pays.<\/p><p>\u00a0<\/p><p>\u00a0<\/p><p>\u00a0<\/p><p>\u00a0<\/p><p><strong>2. La coop\u00e9ration militaire<\/strong><\/p><p><strong>\u00a0<\/strong><\/p><p>La n\u00e9cessit\u00e9 de renforcer la coop\u00e9ration militaire entre l\u2019Alg\u00e9rie et le Burkina Faso a sans doute justifi\u00e9 l\u2019ouverture d\u2019un Bureau militaire au sein de l\u2019Ambassade en 2015. Faut-il le rappeler, l\u2019Alg\u00e9rie fait partie des pays pionniers dans la lutte contre le terrorisme du fait de son exp\u00e9rience dans la lutte contre ce ph\u00e9nom\u00e8ne pendant au moins une d\u00e9cennie commun\u00e9ment appel\u00e9e la \u00ab\u00a0d\u00e9cennie noire\u00a0\u00bb. Le pays a une expertise reconnue dans la lutte contre le terrorisme dont est victime le Sahel en g\u00e9n\u00e9ral et le Burkina Faso en particulier. Par ailleurs, il convient de souligner que l\u2019Alg\u00e9rie est class\u00e9e parmi les cinq (05) premi\u00e8res puissances militaires du continent africain.<\/p><p>\u00a0<\/p><p>\u00a0<\/p>\t\t\t\t\t\t\t\t<\/div>\n\t\t\t\t<\/div>\n\t\t\t\t<div class=\"elementor-element elementor-element-35411af eael-divider-center elementor-widget elementor-widget-eael-divider\" data-id=\"35411af\" data-element_type=\"widget\" data-e-type=\"widget\" data-widget_type=\"eael-divider.default\">\n\t\t\t\t<div class=\"elementor-widget-container\">\n\t\t\t\t\t\t\t<div class=\"eael-divider-wrap divider-direction-horizontal\">\n\t\t\t\t\t\t\t<div class=\"divider-text-container\">\n\t\t\t\t\t<div class=\"divider-text-wrap\">\n\t\t\t\t\t\t\t\t\t\t\t\t\t<span class=\"divider-border-wrap divider-border-left\">\n\t\t\t\t\t\t\t\t<span class=\"divider-border\"><\/span>\n\t\t\t\t\t\t\t<\/span>\n\t\t\t\t\t\t\t\t\t\t\t\t<span class=\"eael-divider-content\">\n\t\t\t\t\t\t\t\t\t\t\t\t\t\t\t<span class=\"eael-divider-icon\">\n\t\t\t\t\t\t\t\t\t\t\t\t\t\t\t\t\t\t\t<svg aria-hidden=\"false\" class=\"e-font-icon-svg e-fas-star\" viewBox=\"0 0 576 512\" xmlns=\"http:\/\/www.w3.org\/2000\/svg\"><path d=\"M259.3 17.8L194 150.2 47.9 171.5c-26.2 3.8-36.7 36.1-17.7 54.6l105.7 103-25 145.5c-4.5 26.3 23.2 46 46.4 33.7L288 439.6l130.7 68.7c23.2 12.2 50.9-7.4 46.4-33.7l-25-145.5 105.7-103c19-18.5 8.5-50.8-17.7-54.6L382 150.2 316.7 17.8c-11.7-23.6-45.6-23.9-57.4 0z\"><\/path><\/svg>\t\t\t\t\t\t\t\t\t\t\t\t\t\t\t\t\t<\/span>\n\t\t\t\t\t\t\t\t\t\t\t\t\t<\/span>\n\t\t\t\t\t\t\t\t\t\t\t\t\t<span class=\"divider-border-wrap divider-border-right\">\n\t\t\t\t\t\t\t\t<span class=\"divider-border\"><\/span>\n\t\t\t\t\t\t\t<\/span>\n\t\t\t\t\t\t\t\t\t\t\t<\/div>\n\t\t\t\t<\/div>\n\t\t\t\t\t<\/div>\n\t\t\t\t<\/div>\n\t\t\t\t<\/div>\n\t\t\t\t\t<\/div>\n\t\t<\/div>\n\t\t\t\t\t<\/div>\n\t\t<\/section>\n\t\t\t\t\t<\/div>\n\t\t<\/div>\n\t\t\t\t<div class=\"elementor-column elementor-col-33 elementor-top-column elementor-element elementor-element-f913597\" data-id=\"f913597\" data-element_type=\"column\" data-e-type=\"column\">\n\t\t\t<div class=\"elementor-widget-wrap elementor-element-populated\">\n\t\t\t\t\t\t<div class=\"elementor-element elementor-element-b42947b elementor-widget elementor-widget-image\" data-id=\"b42947b\" data-element_type=\"widget\" data-e-type=\"widget\" data-widget_type=\"image.default\">\n\t\t\t\t<div class=\"elementor-widget-container\">\n\t\t\t\t\t\t\t\t\t\t\t\t\t\t\t<img fetchpriority=\"high\" decoding=\"async\" width=\"640\" height=\"427\" src=\"https:\/\/algerie.diplomatie.gov.bf\/wp-content\/uploads\/sites\/41\/2024\/06\/Flag_of_Burkina_Faso.png\" class=\"attachment-large size-large wp-image-3861\" alt=\"\" \/>\t\t\t\t\t\t\t\t\t\t\t\t\t\t\t<\/div>\n\t\t\t\t<\/div>\n\t\t\t\t\t<\/div>\n\t\t<\/div>\n\t\t\t\t\t<\/div>\n\t\t<\/section>\n\t\t\t\t<\/div>\n\t\t","protected":false},"excerpt":{"rendered":"<p>La coop\u00e9ration alg\u00e9ro-burkinab\u00e8 s\u2019op\u00e8re essentiellement dans le cadre bilat\u00e9ral. \u00a0 Coop\u00e9ration politico-diplomatique \u00a0 Depuis l\u2019ouverture effective en 1984 de Repr\u00e9sentation diplomatique \u00e0 Ouagadougou et \u00e0 Alger, le Burkina Faso et l\u2019Alg\u00e9rie ont tenu sept (7) sessions de Commissions mixtes de coop\u00e9ration, la derni\u00e8re ayant eu lieu les 03 et 04 novembre 2011 \u00e0 Ouagadougou. Par [&hellip;]<\/p>\n","protected":false},"author":4,"featured_media":0,"parent":0,"menu_order":0,"comment_status":"closed","ping_status":"closed","template":"elementor_header_footer","meta":{"_acf_changed":false,"_monsterinsights_skip_tracking":false,"_monsterinsights_sitenote_active":false,"_monsterinsights_sitenote_note":"","_monsterinsights_sitenote_category":0,"footnotes":""},"class_list":["post-3081","page","type-page","status-publish","hentry"],"acf":[],"_links":{"self":[{"href":"https:\/\/algerie.diplomatie.gov.bf\/index.php\/wp-json\/wp\/v2\/pages\/3081","targetHints":{"allow":["GET"]}}],"collection":[{"href":"https:\/\/algerie.diplomatie.gov.bf\/index.php\/wp-json\/wp\/v2\/pages"}],"about":[{"href":"https:\/\/algerie.diplomatie.gov.bf\/index.php\/wp-json\/wp\/v2\/types\/page"}],"author":[{"embeddable":true,"href":"https:\/\/algerie.diplomatie.gov.bf\/index.php\/wp-json\/wp\/v2\/users\/4"}],"replies":[{"embeddable":true,"href":"https:\/\/algerie.diplomatie.gov.bf\/index.php\/wp-json\/wp\/v2\/comments?post=3081"}],"version-history":[{"count":43,"href":"https:\/\/algerie.diplomatie.gov.bf\/index.php\/wp-json\/wp\/v2\/pages\/3081\/revisions"}],"predecessor-version":[{"id":5120,"href":"https:\/\/algerie.diplomatie.gov.bf\/index.php\/wp-json\/wp\/v2\/pages\/3081\/revisions\/5120"}],"wp:attachment":[{"href":"https:\/\/algerie.diplomatie.gov.bf\/index.php\/wp-json\/wp\/v2\/media?parent=3081"}],"curies":[{"name":"wp","href":"https:\/\/api.w.org\/{rel}","templated":true}]}}